{"id":49,"date":"2025-01-28T19:52:04","date_gmt":"2025-01-28T18:52:04","guid":{"rendered":"https:\/\/kermisch.eu\/celinek\/?page_id=49"},"modified":"2026-03-01T19:13:01","modified_gmt":"2026-03-01T18:13:01","slug":"professional-experience","status":"publish","type":"page","link":"https:\/\/kermisch.eu\/index.php\/professional-experience\/","title":{"rendered":"Professional experience"},"content":{"rendered":"\n<p><strong>1. Consulting<\/strong><\/p>\n\n\n\n<p>Projects for the&nbsp;<em><strong>Organisme&nbsp;National des D\u00e9chets RAdioactifs et des mati\u00e8res Fissiles enrichies<\/strong><\/em> (ONDRAF\/NIRAS, Belgium) dedicated to the ethical and societal aspects of radioactive waste management:<\/p>\n\n\n\n<ul class=\"wp-block-list\">\n<li>2026: Ethical framework of ONDRAF\/NIRAS<\/li>\n\n\n\n<li>2025: Ethical framework of ONDRAF\/NIRAS &#8211; preliminary analysis<\/li>\n\n\n\n<li>2024: Ethical analysis of multinational shared repositories<\/li>\n\n\n\n<li>2023: Overview of ethical tools as alternatives to ethical matrices<\/li>\n\n\n\n<li>2022: Societal and ethical aspects of SFC1 \u2013 Update<\/li>\n\n\n\n<li>2021: Ethical studies SFC1 \u2013 national policy \u2013 reversibility\/retrievability<\/li>\n\n\n\n<li>2020: Ethical studies SFC 1 \u2013 strengthening fundamentals \u2013 Accounting for future generations in radioactive waste management: The case for temporalized ethical matrices<\/li>\n\n\n\n<li>2019-2020: On overcoming intergenerational conflicts<\/li>\n\n\n\n<li>2018-2019: Societal and ethical aspects of SFC1<\/li>\n\n\n\n<li>2017-2018: Ethical evaluation of the optimization principle applied to the long-term management of category B and C waste: application to the choice of host rock<\/li>\n<\/ul>\n\n\n\n<p>Project for the\u00a0<em>King Baudouin Foundation<\/em>\u00a0(Belgium)<\/p>\n\n\n\n<ul class=\"wp-block-list\">\n<li>2025: Prefiguring an ethical framework to guide the decision-making process for the long-term management of category B&amp;C waste in Belgium<\/li>\n<\/ul>\n\n\n\n<p>Project for the<strong>&nbsp;<em>Institut pour la Ma\u00eetrise Des Risques<\/em><\/strong>&nbsp;(IMDR, France)<\/p>\n\n\n\n<ul class=\"wp-block-list\">\n<li>2018-2022: Understanding risk judgement and risk perception in decision making: understanding the choice of individuals and groups facing hazardous situations<\/li>\n<\/ul>\n\n\n\n<p><\/p>\n\n\n\n<p><strong>2. Expertise<\/strong><\/p>\n\n\n\n<ul class=\"wp-block-list\">\n<li>2026- : Expert for the CTI (Commission des titres d\u2019ing\u00e9nieurs, France)<\/li>\n\n\n\n<li>2024-2025: Member of the commitee of the Haut Conseil de l\u2019\u00e9valuation de la recherche et de l\u2019enseignement sup\u00e9rieur (Hc\u00e9res, France) in charge of the assessment of the Commissariat \u00e0 l\u2019\u00e9nergie atomique et aux \u00e9nergies alternatives (CEA, France)<\/li>\n\n\n\n<li>2022-2026 : Member of the Comit\u00e9 \u00e9thique de la Recherche of the Universit\u00e9 Libre de Bruxelles (ULB, Belgium)<\/li>\n\n\n\n<li>2019- : Member of the Comit\u00e9 \u00e9thique et soci\u00e9t\u00e9 of the Agence Nationale pour la gestion des D\u00e9chets RAdioactifs (ANDRA, France)<\/li>\n\n\n\n<li>2013- : Ethical assessment of projects for the European Commission<\/li>\n\n\n\n<li>2012- : Member of the program committee for the conferences of the Institut pour la Ma\u00eetrise Des Risques (IMDR, France)<\/li>\n\n\n\n<li>2011- : Various scientific assessments of research projects (European Commission, ANSES (French&nbsp;agency&nbsp;for&nbsp;food, environmental and occupational&nbsp;health&nbsp;safety), ANR (French<br>national agency for research), etc.)<\/li>\n<\/ul>\n\n\n\n<p><\/p>\n\n\n\n<p><strong>3. Teaching<\/strong><\/p>\n\n\n\n<ul class=\"wp-block-list\">\n<li>2021- : \u201cEpistemology of science and engineering ethics\u201d (ULB, Ecole polytechnique de Bruxelles, 5ECTS, Mandatory BA3 course)<\/li>\n\n\n\n<li>2021- :&nbsp;\u201cSocio-technical controversies\u201d (ULB, Ecole polytechnique de Bruxelles and UMONS, Polytech Mons, 2ECTS, Mandatory BA3 course)<\/li>\n\n\n\n<li>2015-2021 : \u201cEpistemology of science and technology\u201d (ULB, Ecole polytechnique de Bruxelles and Ecole interfacultaire de Bioing\u00e9nieurs, 3ECTS, Mandatory BA3 course)<\/li>\n\n\n\n<li>2012-2021 :&nbsp;\u201cEngineering ethics\u201d (ULB, Ecole polytechnique de Bruxelles, 3ECTS, MA2 course)<\/li>\n\n\n\n<li>2014-2019 : In charge of the doctoral training \u201cEthics in research\u201d (ULB, 3ECTS equivalent)<\/li>\n\n\n\n<li>2009-2011: \u201cReflective practice\u201d and \u201cDidactics of philosophy\u201d (ULB, Facult\u00e9 de Philosophie et Lettres, 3ECTS, MA2 course)<\/li>\n<\/ul>\n\n\n\n<p><br><strong>4. Scientific research<\/strong><\/p>\n\n\n\n<ul class=\"wp-block-list\">\n<li>2013-2017&nbsp;<strong>: <\/strong>ULB, researcher (from 2016 projects funded by ONDRAF\/NIRAS).Research topics: ethical aspects related to the management of radioactive waste, philosophy of risk, communication about nuclear accidents<\/li>\n<\/ul>\n\n\n\n<ul class=\"wp-block-list\">\n<li>2008-2013 : FNRS (Belgian Fund for Scientific Research), Postdoctoral researcher at ULB. Research topics: philosophy of risk, engineering ethics, technology ethics, emerging<br>technologies<\/li>\n<\/ul>\n\n\n\n<ul class=\"wp-block-list\">\n<li>2004-2008 : FNRS, Research fellow at ULB<br>Research topic: risk perception<\/li>\n\n\n\n<li>2001-2004 :<strong> <\/strong>ULB, part time researcher (project funded by the Institut pour la Ma\u00eetrise Des Risques, IMDR, France)<br>Research topics: Safety and reliability of industrial systems<\/li>\n<\/ul>\n\n\n\n<p>Foreign research stays as visiting scholar<\/p>\n\n\n\n<ul class=\"wp-block-list\">\n<li>15\/09\/2016-15\/12\/2016: Visiting scholar at Delft University of Technology, Department of Values, Technology and Innovation<\/li>\n\n\n\n<li>11\/03\/2013-11\/04\/2013: Visiting scholar at UC Berkeley, Philosophy department (Funding from the FNRS)<\/li>\n\n\n\n<li>1\/10\/2008-31\/12\/2009: Visiting scholar at the University of Cambridge, Department of History and Philosophy of Science (Funding from the Wiener-Anspach Foundation and from<br>the FNRS)<\/li>\n<\/ul>\n\n\n\n<p><strong>5. Education<\/strong><\/p>\n\n\n\n<ul class=\"wp-block-list\">\n<li>2008 : PhD in Philosophy (Universit\u00e9 libre de Bruxelles, ULB)<br>Title: \u201cRisk and risk perceptions. Historical and critical analysis\u201d<\/li>\n\n\n\n<li>2003 :<strong> <\/strong>Graduate (MA equivalent) in Philosophy (ULB),specialization: Philosophy of Science, summa cum laude<\/li>\n\n\n\n<li>2000 :<strong> <\/strong>Graduate (MA equivalent) in Mechanical Engineering (ULB), specialization: Fluid Mechanics, cum laude.<\/li>\n<\/ul>\n","protected":false},"excerpt":{"rendered":"<p>1. Consulting Projects for the&nbsp;Organisme&nbsp;National des D\u00e9chets RAdioactifs et des mati\u00e8res Fissiles enrichies (ONDRAF\/NIRAS, Belgium) dedicated to the ethical and societal aspects of radioactive waste management: Project for the\u00a0King Baudouin Foundation\u00a0(Belgium) Project for the&nbsp;Institut pour la Ma\u00eetrise Des Risques&nbsp;(IMDR, France) 2. Expertise 3. Teaching 4. Scientific research Foreign research stays as visiting scholar 5. Education<\/p>\n","protected":false},"author":1,"featured_media":0,"parent":0,"menu_order":2,"comment_status":"closed","ping_status":"closed","template":"","meta":{"footnotes":""},"class_list":["post-49","page","type-page","status-publish","hentry"],"_links":{"self":[{"href":"https:\/\/kermisch.eu\/index.php\/wp-json\/wp\/v2\/pages\/49","targetHints":{"allow":["GET"]}}],"collection":[{"href":"https:\/\/kermisch.eu\/index.php\/wp-json\/wp\/v2\/pages"}],"about":[{"href":"https:\/\/kermisch.eu\/index.php\/wp-json\/wp\/v2\/types\/page"}],"author":[{"embeddable":true,"href":"https:\/\/kermisch.eu\/index.php\/wp-json\/wp\/v2\/users\/1"}],"replies":[{"embeddable":true,"href":"https:\/\/kermisch.eu\/index.php\/wp-json\/wp\/v2\/comments?post=49"}],"version-history":[{"count":24,"href":"https:\/\/kermisch.eu\/index.php\/wp-json\/wp\/v2\/pages\/49\/revisions"}],"predecessor-version":[{"id":242,"href":"https:\/\/kermisch.eu\/index.php\/wp-json\/wp\/v2\/pages\/49\/revisions\/242"}],"wp:attachment":[{"href":"https:\/\/kermisch.eu\/index.php\/wp-json\/wp\/v2\/media?parent=49"}],"curies":[{"name":"wp","href":"https:\/\/api.w.org\/{rel}","templated":true}]}}