{"id":52,"date":"2025-02-25T17:24:11","date_gmt":"2025-02-25T16:24:11","guid":{"rendered":"https:\/\/kermisch.eu\/celinek\/?page_id=52"},"modified":"2025-02-26T19:53:52","modified_gmt":"2025-02-26T18:53:52","slug":"teaching","status":"publish","type":"page","link":"https:\/\/kermisch.eu\/index.php\/teaching\/","title":{"rendered":"Teaching"},"content":{"rendered":"\n<ul class=\"wp-block-list\">\n<li><strong>TRAN H 3001<\/strong> : Epist\u00e9mologie des sciences et \u00e9thique de l&rsquo;ing\u00e9nieur  (ULB, Ecole polytechnique de Bruxelles, 5ECTS, Mandatory BA3 course) &#8211; <a href=\"https:\/\/www.ulb.be\/fr\/programme\/tran-h3001\">Link<\/a><\/li>\n\n\n\n<li><strong>BING F 3004<\/strong> : Epist\u00e9mologie des sciences (ULB, Ecole interfacultaire de bioing\u00e9nieurs, 3ECTS, Mandatory BA3 course) &#8211; <a href=\"https:\/\/www.ulb.be\/fr\/programme\/2025-bing-f3004\">Link<\/a><\/li>\n\n\n\n<li><strong>ECON H 3701<\/strong> : Controverses socio-techniques  (ULB, Ecole polytechnique de Bruxelles and UMONS Polytech Mons, 2ECTS, Mandatory BA3 course) &#8211; <a href=\"https:\/\/webcontent.umons.ac.be\/web\/fr\/pde\/2024-2025\/aa\/I-ULBC-014.htm\">Link UMons<\/a> &#8211; <a href=\"https:\/\/cwfront.ulb.ac.be\/progpdf\/generate?gen=prod&amp;mode=cours&amp;anac=2025&amp;lang=fr&amp;cours=ECON-H3701&amp;ext=.pdf&amp;\">Link ULB<\/a><\/li>\n<\/ul>\n\n\n\n<p><\/p>\n","protected":false},"excerpt":{"rendered":"","protected":false},"author":1,"featured_media":0,"parent":0,"menu_order":4,"comment_status":"closed","ping_status":"closed","template":"","meta":{"footnotes":""},"class_list":["post-52","page","type-page","status-publish","hentry"],"_links":{"self":[{"href":"https:\/\/kermisch.eu\/index.php\/wp-json\/wp\/v2\/pages\/52","targetHints":{"allow":["GET"]}}],"collection":[{"href":"https:\/\/kermisch.eu\/index.php\/wp-json\/wp\/v2\/pages"}],"about":[{"href":"https:\/\/kermisch.eu\/index.php\/wp-json\/wp\/v2\/types\/page"}],"author":[{"embeddable":true,"href":"https:\/\/kermisch.eu\/index.php\/wp-json\/wp\/v2\/users\/1"}],"replies":[{"embeddable":true,"href":"https:\/\/kermisch.eu\/index.php\/wp-json\/wp\/v2\/comments?post=52"}],"version-history":[{"count":11,"href":"https:\/\/kermisch.eu\/index.php\/wp-json\/wp\/v2\/pages\/52\/revisions"}],"predecessor-version":[{"id":201,"href":"https:\/\/kermisch.eu\/index.php\/wp-json\/wp\/v2\/pages\/52\/revisions\/201"}],"wp:attachment":[{"href":"https:\/\/kermisch.eu\/index.php\/wp-json\/wp\/v2\/media?parent=52"}],"curies":[{"name":"wp","href":"https:\/\/api.w.org\/{rel}","templated":true}]}}